{"id":976,"date":"2017-03-16T17:12:48","date_gmt":"2017-03-16T17:12:48","guid":{"rendered":"http:\/\/culturaliagz.com\/?post_type=tribe_events&#038;p=976"},"modified":"2017-04-14T23:26:34","modified_gmt":"2017-04-14T23:26:34","slug":"mondonedo-e-poesia-2017-4a-edicion","status":"publish","type":"tribe_events","link":"http:\/\/culturaliagz.com\/?tribe_events=mondonedo-e-poesia-2017-4a-edicion","title":{"rendered":"Mondo\u00f1edo \u00e9 poes\u00eda 2017 (4\u00aa edici\u00f3n)"},"content":{"rendered":"<p>Xa estamos preparando a 4\u00aa eidic\u00f3n de &#8216;Mondo\u00f1edo \u00e9 poes\u00eda&#8217;. Ser\u00e1 o 1 de maio de 2017, como adoita, con recitais na r\u00faa e no Auditorio &#8216;Pascual Veiga&#8217;. Podemos adiantar que haber\u00e1 unha homenaxe da Eduardo\u00a0Lence Santar, polo centenario do seu nomeamento como Cronista Oficial de Mondo\u00f1edo, e que tam\u00e9n haber\u00e1 regueifas. Que m\u00e1is? Pois &#8230; que recitar\u00e1n grandes, enormes nomes da poes\u00eda galega actual.<\/p>\n","protected":false},"excerpt":{"rendered":"<p>Xa estamos preparando a 4\u00aa eidic\u00f3n de &#8216;Mondo\u00f1edo \u00e9 poes\u00eda&#8217;. Ser\u00e1 o 1 de maio de 2017, como adoita, con recitais na r\u00faa e no Auditorio &#8216;Pascual Veiga&#8217;. Podemos adiantar [&hellip;]<\/p>\n","protected":false},"author":25,"featured_media":1113,"template":"","meta":{"_et_pb_use_builder":"","_et_pb_old_content":"","_et_gb_content_width":"","_tribe_events_status":"","_tribe_events_status_reason":"","footnotes":""},"tags":[],"tribe_events_cat":[52],"class_list":["post-976","tribe_events","type-tribe_events","status-publish","has-post-thumbnail","hentry","tribe_events_cat-eventos","cat_eventos"],"jetpack_sharing_enabled":true,"_links":{"self":[{"href":"http:\/\/culturaliagz.com\/index.php?rest_route=\/wp\/v2\/tribe_events\/976","targetHints":{"allow":["GET"]}}],"collection":[{"href":"http:\/\/culturaliagz.com\/index.php?rest_route=\/wp\/v2\/tribe_events"}],"about":[{"href":"http:\/\/culturaliagz.com\/index.php?rest_route=\/wp\/v2\/types\/tribe_events"}],"author":[{"embeddable":true,"href":"http:\/\/culturaliagz.com\/index.php?rest_route=\/wp\/v2\/users\/25"}],"version-history":[{"count":1,"href":"http:\/\/culturaliagz.com\/index.php?rest_route=\/wp\/v2\/tribe_events\/976\/revisions"}],"predecessor-version":[{"id":977,"href":"http:\/\/culturaliagz.com\/index.php?rest_route=\/wp\/v2\/tribe_events\/976\/revisions\/977"}],"wp:featuredmedia":[{"embeddable":true,"href":"http:\/\/culturaliagz.com\/index.php?rest_route=\/wp\/v2\/media\/1113"}],"wp:attachment":[{"href":"http:\/\/culturaliagz.com\/index.php?rest_route=%2Fwp%2Fv2%2Fmedia&parent=976"}],"wp:term":[{"taxonomy":"post_tag","embeddable":true,"href":"http:\/\/culturaliagz.com\/index.php?rest_route=%2Fwp%2Fv2%2Ftags&post=976"},{"taxonomy":"tribe_events_cat","embeddable":true,"href":"http:\/\/culturaliagz.com\/index.php?rest_route=%2Fwp%2Fv2%2Ftribe_events_cat&post=976"}],"curies":[{"name":"wp","href":"https:\/\/api.w.org\/{rel}","templated":true}]}}

Mondoñedo é poesía 2017 (4ª edición)

<p>Xa estamos preparando a 4ª eidicón de &#8216;Mondoñedo é poesía&#8217;. Será o 1 de maio de 2017, como adoita, con recitais na rúa e no Auditorio &#8216;Pascual Veiga&#8217;. Podemos adiantar que haberá unha homenaxe da Eduardo Lence Santar, polo centenario do seu nomeamento como Cronista Oficial de Mondoñedo, e que tamén haberá regueifas. Que máis? Pois &#8230; que recitarán grandes, enormes nomes da poesía galega actual.</p>

<p>Xa estamos preparando a 4ª eidicón de &#8216;Mondoñedo é poesía&#8217;. Será o 1 de maio de 2017, como adoita, con recitais na rúa e no Auditorio &#8216;Pascual Veiga&#8217;. Podemos adiantar [&hellip;]</p>
