{"id":945,"date":"2017-03-13T22:49:06","date_gmt":"2017-03-13T22:49:06","guid":{"rendered":"http:\/\/culturaliagz.com\/?post_type=tribe_events&#038;p=945"},"modified":"2017-03-13T23:03:07","modified_gmt":"2017-03-13T23:03:07","slug":"21-de-marzo-dia-da-poesia","status":"publish","type":"tribe_events","link":"http:\/\/culturaliagz.com\/?tribe_events=21-de-marzo-dia-da-poesia","title":{"rendered":"21 de marzo, D\u00eda da Poes\u00eda"},"content":{"rendered":"<p>O vindeiro martes, 21 de marzo, en Vilalba convidamos \u00e1 cidadan\u00eda, en xeral, e \u00e1 comunidade educativa, en particular, a que participen na proxecci\u00f3n po\u00e9tica que mane do seu interior. Baixo o lema SENTE A POES\u00cdA, queremos que, quen as\u00ed o desexe, ve\u00f1a recitar poemas de autor\u00eda propia ou allea, co gallo de establecer un f\u00edo de comunicaci\u00f3n entre os distintos colectivos\u00a0da comunidade vilalbesa.<\/p>\n<p>Daquela, agardamos pola t\u00faa participaci\u00f3n. Ven, SENTE A POES\u00cdA.<\/p>\n","protected":false},"excerpt":{"rendered":"<p>O vindeiro martes, 21 de marzo, en Vilalba convidamos \u00e1 cidadan\u00eda, en xeral, e \u00e1 comunidade educativa, en particular, a que participen na proxecci\u00f3n po\u00e9tica que mane do seu interior. [&hellip;]<\/p>\n","protected":false},"author":1,"featured_media":941,"template":"","meta":{"_et_pb_use_builder":"","_et_pb_old_content":"","_et_gb_content_width":"","_tribe_events_status":"","_tribe_events_status_reason":"","footnotes":""},"tags":[108,107,105],"tribe_events_cat":[52],"class_list":["post-945","tribe_events","type-tribe_events","status-publish","has-post-thumbnail","hentry","tag-21-de-marzo","tag-dia-da-poesia","tag-unesco","tribe_events_cat-eventos","cat_eventos"],"jetpack_sharing_enabled":true,"_links":{"self":[{"href":"http:\/\/culturaliagz.com\/index.php?rest_route=\/wp\/v2\/tribe_events\/945","targetHints":{"allow":["GET"]}}],"collection":[{"href":"http:\/\/culturaliagz.com\/index.php?rest_route=\/wp\/v2\/tribe_events"}],"about":[{"href":"http:\/\/culturaliagz.com\/index.php?rest_route=\/wp\/v2\/types\/tribe_events"}],"author":[{"embeddable":true,"href":"http:\/\/culturaliagz.com\/index.php?rest_route=\/wp\/v2\/users\/1"}],"version-history":[{"count":2,"href":"http:\/\/culturaliagz.com\/index.php?rest_route=\/wp\/v2\/tribe_events\/945\/revisions"}],"predecessor-version":[{"id":948,"href":"http:\/\/culturaliagz.com\/index.php?rest_route=\/wp\/v2\/tribe_events\/945\/revisions\/948"}],"wp:featuredmedia":[{"embeddable":true,"href":"http:\/\/culturaliagz.com\/index.php?rest_route=\/wp\/v2\/media\/941"}],"wp:attachment":[{"href":"http:\/\/culturaliagz.com\/index.php?rest_route=%2Fwp%2Fv2%2Fmedia&parent=945"}],"wp:term":[{"taxonomy":"post_tag","embeddable":true,"href":"http:\/\/culturaliagz.com\/index.php?rest_route=%2Fwp%2Fv2%2Ftags&post=945"},{"taxonomy":"tribe_events_cat","embeddable":true,"href":"http:\/\/culturaliagz.com\/index.php?rest_route=%2Fwp%2Fv2%2Ftribe_events_cat&post=945"}],"curies":[{"name":"wp","href":"https:\/\/api.w.org\/{rel}","templated":true}]}}

21 de marzo, Día da Poesía

<p>O vindeiro martes, 21 de marzo, en Vilalba convidamos á cidadanía, en xeral, e á comunidade educativa, en particular, a que participen na proxección poética que mane do seu interior. Baixo o lema SENTE A POESÍA, queremos que, quen así o desexe, veña recitar poemas de autoría propia ou allea, co gallo de establecer un fío de comunicación entre os distintos colectivos da comunidade vilalbesa.</p>
<p>Daquela, agardamos pola túa participación. Ven, SENTE A POESÍA.</p>

<p>O vindeiro martes, 21 de marzo, en Vilalba convidamos á cidadanía, en xeral, e á comunidade educativa, en particular, a que participen na proxección poética que mane do seu interior. [&hellip;]</p>
