{"id":750,"date":"2017-03-01T12:20:07","date_gmt":"2017-03-01T12:20:07","guid":{"rendered":"http:\/\/culturaliagz.com\/?post_type=tribe_events&#038;p=750"},"modified":"2017-03-01T12:20:08","modified_gmt":"2017-03-01T12:20:08","slug":"presentacion-poemas-de-amor-en-outono-en-compostela","status":"publish","type":"tribe_events","link":"http:\/\/culturaliagz.com\/?tribe_events=presentacion-poemas-de-amor-en-outono-en-compostela","title":{"rendered":"Presentaci\u00f3n POEMAS DE AMOR EN OUTONO en Compostela"},"content":{"rendered":"<p>Presentaci\u00f3n do libro-dvd <strong>Poemas de Amor en Outono<\/strong> (Fachinelo) de To\u00f1o N\u00fa\u00f1ez.<\/p>\n<p>O acto, que ter\u00e1 lugar \u00e1s 20.00 h. na librar\u00eda Chan da P\u00f3lvora (R\/ San Pedro, 74) de Santiago de Compostela, contar\u00e1 coa participaci\u00f3n, canda o autor, de Armando Requeizo e Nacho Alonso.<\/p>\n<p>Tam\u00e9n recitar\u00e1n os poetas Antom Laia, Anxela Gracian, Eva Xanim, Iolanda Aldrei e Xes\u00fas Manuel Valc\u00e1rcel. O cantautor Miguel Alonso dar\u00e1 as notas musicais.<\/p>\n","protected":false},"excerpt":{"rendered":"<p>Presentaci\u00f3n do libro-dvd Poemas de Amor en Outono (Fachinelo) de To\u00f1o N\u00fa\u00f1ez. O acto, que ter\u00e1 lugar \u00e1s 20.00 h. na librar\u00eda Chan da P\u00f3lvora (R\/ San Pedro, 74) de [&hellip;]<\/p>\n","protected":false},"author":1,"featured_media":751,"template":"","meta":{"_et_pb_use_builder":"","_et_pb_old_content":"","_et_gb_content_width":"","_tribe_events_status":"","_tribe_events_status_reason":"","footnotes":""},"tags":[],"tribe_events_cat":[52],"class_list":["post-750","tribe_events","type-tribe_events","status-publish","has-post-thumbnail","hentry","tribe_events_cat-eventos","cat_eventos"],"jetpack_sharing_enabled":true,"_links":{"self":[{"href":"http:\/\/culturaliagz.com\/index.php?rest_route=\/wp\/v2\/tribe_events\/750","targetHints":{"allow":["GET"]}}],"collection":[{"href":"http:\/\/culturaliagz.com\/index.php?rest_route=\/wp\/v2\/tribe_events"}],"about":[{"href":"http:\/\/culturaliagz.com\/index.php?rest_route=\/wp\/v2\/types\/tribe_events"}],"author":[{"embeddable":true,"href":"http:\/\/culturaliagz.com\/index.php?rest_route=\/wp\/v2\/users\/1"}],"version-history":[{"count":1,"href":"http:\/\/culturaliagz.com\/index.php?rest_route=\/wp\/v2\/tribe_events\/750\/revisions"}],"predecessor-version":[{"id":752,"href":"http:\/\/culturaliagz.com\/index.php?rest_route=\/wp\/v2\/tribe_events\/750\/revisions\/752"}],"wp:featuredmedia":[{"embeddable":true,"href":"http:\/\/culturaliagz.com\/index.php?rest_route=\/wp\/v2\/media\/751"}],"wp:attachment":[{"href":"http:\/\/culturaliagz.com\/index.php?rest_route=%2Fwp%2Fv2%2Fmedia&parent=750"}],"wp:term":[{"taxonomy":"post_tag","embeddable":true,"href":"http:\/\/culturaliagz.com\/index.php?rest_route=%2Fwp%2Fv2%2Ftags&post=750"},{"taxonomy":"tribe_events_cat","embeddable":true,"href":"http:\/\/culturaliagz.com\/index.php?rest_route=%2Fwp%2Fv2%2Ftribe_events_cat&post=750"}],"curies":[{"name":"wp","href":"https:\/\/api.w.org\/{rel}","templated":true}]}}

Presentación POEMAS DE AMOR EN OUTONO en Compostela

<p>Presentación do libro-dvd <strong>Poemas de Amor en Outono</strong> (Fachinelo) de Toño Núñez.</p>
<p>O acto, que terá lugar ás 20.00 h. na libraría Chan da Pólvora (R/ San Pedro, 74) de Santiago de Compostela, contará coa participación, canda o autor, de Armando Requeizo e Nacho Alonso.</p>
<p>Tamén recitarán os poetas Antom Laia, Anxela Gracian, Eva Xanim, Iolanda Aldrei e Xesús Manuel Valcárcel. O cantautor Miguel Alonso dará as notas musicais.</p>

<p>Presentación do libro-dvd Poemas de Amor en Outono (Fachinelo) de Toño Núñez. O acto, que terá lugar ás 20.00 h. na libraría Chan da Pólvora (R/ San Pedro, 74) de [&hellip;]</p>
