{"id":715,"date":"2017-02-28T19:58:44","date_gmt":"2017-02-28T19:58:44","guid":{"rendered":"http:\/\/culturaliagz.com\/?post_type=tribe_events&#038;p=715"},"modified":"2017-02-28T23:28:14","modified_gmt":"2017-02-28T23:28:14","slug":"musicad","status":"publish","type":"tribe_events","link":"http:\/\/culturaliagz.com\/?tribe_events=musicad","title":{"rendered":"MusicAD"},"content":{"rendered":"<p class=\"esquinaColor1\"><iframe src=\"\/\/docs.google.com\/viewer?url=http%3A%2F%2Fculturaliagz.com%2Fwp-content%2Fuploads%2F2017%2F02%2FMUSICAD.pdf&hl=es&embedded=true\" class=\"gde-frame\" style=\"width:100%; height:500px; border: none;\" scrolling=\"no\"><\/iframe>\n<p class=\"gde-text\"><a href=\"http:\/\/culturaliagz.com\/wp-content\/uploads\/2017\/02\/MUSICAD.pdf\" class=\"gde-link\">Descargar (PDF, 2.36MB)<\/a><\/p><\/p>\n<p class=\"esquinaColor1\">A Deputaci\u00f3n de Lugo leva \u00e1 Capela de Santa Mar\u00eda 5 concertos de m\u00fasica gratu\u00edtos co novo MusicAD. Nesta ocasi\u00f3n a programaci\u00f3n musical\u200b \u200bachega 5 actuaci\u00f3ns cada s\u00e1bado do mes de marzo, comezando o vindeiro 4 e rematando o 25 de marzo.\u200b \u200b<\/p>\n<p>Todos os concertos desenvolveranase na Sala de exposici\u00f3ns da Capela de Santa Mar\u00eda en horario das 20:30 horas. As entradas ser\u00e1n totalmente de balde, e poderanse recoller na propia Capela de Santa Mar\u00eda; a\u00ednda que haber\u00e1 que informarse de como facelo no n\u00famero de tel\u00e9fono 982210066.<\/p>\n","protected":false},"excerpt":{"rendered":"<p>A Deputaci\u00f3n de Lugo leva \u00e1 Capela de Santa Mar\u00eda 5 concertos de m\u00fasica gratu\u00edtos co novo MusicAD. Nesta ocasi\u00f3n a programaci\u00f3n musical\u200b \u200bachega 5 actuaci\u00f3ns cada s\u00e1bado do mes [&hellip;]<\/p>\n","protected":false},"author":1,"featured_media":0,"template":"","meta":{"_et_pb_use_builder":"","_et_pb_old_content":"","_et_gb_content_width":"","_tribe_events_status":"","_tribe_events_status_reason":"","footnotes":""},"tags":[],"tribe_events_cat":[52],"class_list":["post-715","tribe_events","type-tribe_events","status-publish","hentry","tribe_events_cat-eventos","cat_eventos"],"jetpack_sharing_enabled":true,"_links":{"self":[{"href":"http:\/\/culturaliagz.com\/index.php?rest_route=\/wp\/v2\/tribe_events\/715","targetHints":{"allow":["GET"]}}],"collection":[{"href":"http:\/\/culturaliagz.com\/index.php?rest_route=\/wp\/v2\/tribe_events"}],"about":[{"href":"http:\/\/culturaliagz.com\/index.php?rest_route=\/wp\/v2\/types\/tribe_events"}],"author":[{"embeddable":true,"href":"http:\/\/culturaliagz.com\/index.php?rest_route=\/wp\/v2\/users\/1"}],"version-history":[{"count":6,"href":"http:\/\/culturaliagz.com\/index.php?rest_route=\/wp\/v2\/tribe_events\/715\/revisions"}],"predecessor-version":[{"id":723,"href":"http:\/\/culturaliagz.com\/index.php?rest_route=\/wp\/v2\/tribe_events\/715\/revisions\/723"}],"wp:attachment":[{"href":"http:\/\/culturaliagz.com\/index.php?rest_route=%2Fwp%2Fv2%2Fmedia&parent=715"}],"wp:term":[{"taxonomy":"post_tag","embeddable":true,"href":"http:\/\/culturaliagz.com\/index.php?rest_route=%2Fwp%2Fv2%2Ftags&post=715"},{"taxonomy":"tribe_events_cat","embeddable":true,"href":"http:\/\/culturaliagz.com\/index.php?rest_route=%2Fwp%2Fv2%2Ftribe_events_cat&post=715"}],"curies":[{"name":"wp","href":"https:\/\/api.w.org\/{rel}","templated":true}]}}

<p class="esquinaColor1"><iframe src="//docs.google.com/viewer?url=http%3A%2F%2Fculturaliagz.com%2Fwp-content%2Fuploads%2F2017%2F02%2FMUSICAD.pdf&hl=es&embedded=true" class="gde-frame" style="width:100%; height:500px; border: none;" scrolling="no"></iframe>
<p class="gde-text"><a href="http://culturaliagz.com/wp-content/uploads/2017/02/MUSICAD.pdf" class="gde-link">Descargar (PDF, 2.36MB)</a></p></p>
<p class="esquinaColor1">A Deputación de Lugo leva á Capela de Santa María 5 concertos de música gratuítos co novo MusicAD. Nesta ocasión a programación musical​ ​achega 5 actuacións cada sábado do mes de marzo, comezando o vindeiro 4 e rematando o 25 de marzo.​ ​</p>
<p>Todos os concertos desenvolveranase na Sala de exposicións da Capela de Santa María en horario das 20:30 horas. As entradas serán totalmente de balde, e poderanse recoller na propia Capela de Santa María; aínda que haberá que informarse de como facelo no número de teléfono 982210066.</p>

<p>A Deputación de Lugo leva á Capela de Santa María 5 concertos de música gratuítos co novo MusicAD. Nesta ocasión a programación musical​ ​achega 5 actuacións cada sábado do mes [&hellip;]</p>
