{"id":544,"date":"2017-02-14T19:31:10","date_gmt":"2017-02-14T19:31:10","guid":{"rendered":"http:\/\/culturaliagz.com\/?post_type=tribe_events&#038;p=544"},"modified":"2017-02-14T19:34:16","modified_gmt":"2017-02-14T19:34:16","slug":"o-rastro-que-deixamos-gala-homenaxe-a-agustin-fernandez-paz","status":"publish","type":"tribe_events","link":"http:\/\/culturaliagz.com\/?tribe_events=o-rastro-que-deixamos-gala-homenaxe-a-agustin-fernandez-paz","title":{"rendered":"O rastro que deixamos. Gala homenaxe a Agust\u00edn Fern\u00e1ndez Paz"},"content":{"rendered":"<p>O vindeiro 17 de febreiro, a comarca de Ferrolterra render\u00e1 unha homenaxe p\u00f3stuma ao escritor <em>Agust\u00edn Fern\u00e1ndez Paz<\/em>. Baixo o t\u00edtulo de <strong>O rastro que deixamos<\/strong>, t\u00edtulo hom\u00f3nimo dun libro que escribiu o propio Agust\u00edn, e no que nos relata retallos fundamentais da s\u00faa vida.<\/p>\n<p>Os actos comezar\u00e1n pola ma\u00f1\u00e1, dirixidos aos centros de ensino, e neses actos participar\u00e1n artistas coma\u00a0Guadi Galego,\u00a0Mar\u00eda Manuela, Mini e Mero, Xabier D\u00edaz, o d\u00fao Bell\u00f3n-Maceiras, Miro Casabella ou A Banda da Loba. Acompa\u00f1ando \u00e1 m\u00fasica tam\u00e9n se proxectar\u00e1n fragmentos dun documental sobre vivencias do propio Agust\u00edn na comarca. \u00a0Actos que se repetir\u00e1n a partir das 20:30 h., destinados ao p\u00fablico xeral,<\/p>\n<p>As entradas para asistir \u00e1 citada e merecida homenaxe \u00a0son de balde, e poden recollerse at\u00e9 o 17 de febreiro no Teatro Jofre (de 11.00 h. a 13.00 h. e de 18.00 h. a 20.00 h.) e no Auditorio de Ferrol -na avenida do Mar, en Caranza- a partir das 18.00 h. do d\u00eda da gala.<\/p>\n","protected":false},"excerpt":{"rendered":"<p>O vindeiro 17 de febreiro, a comarca de Ferrolterra render\u00e1 unha homenaxe p\u00f3stuma ao escritor Agust\u00edn Fern\u00e1ndez Paz. Baixo o t\u00edtulo de O rastro que deixamos, t\u00edtulo hom\u00f3nimo dun libro [&hellip;]<\/p>\n","protected":false},"author":1,"featured_media":545,"template":"","meta":{"_et_pb_use_builder":"","_et_pb_old_content":"","_et_gb_content_width":"","_tribe_events_status":"","_tribe_events_status_reason":"","footnotes":""},"tags":[48,51,49,50],"tribe_events_cat":[52],"class_list":["post-544","tribe_events","type-tribe_events","status-publish","has-post-thumbnail","hentry","tag-agustin-fernandez-paz","tag-ferrol","tag-homenaxe","tag-rastro","tribe_events_cat-eventos","cat_eventos"],"jetpack_sharing_enabled":true,"_links":{"self":[{"href":"http:\/\/culturaliagz.com\/index.php?rest_route=\/wp\/v2\/tribe_events\/544","targetHints":{"allow":["GET"]}}],"collection":[{"href":"http:\/\/culturaliagz.com\/index.php?rest_route=\/wp\/v2\/tribe_events"}],"about":[{"href":"http:\/\/culturaliagz.com\/index.php?rest_route=\/wp\/v2\/types\/tribe_events"}],"author":[{"embeddable":true,"href":"http:\/\/culturaliagz.com\/index.php?rest_route=\/wp\/v2\/users\/1"}],"version-history":[{"count":5,"href":"http:\/\/culturaliagz.com\/index.php?rest_route=\/wp\/v2\/tribe_events\/544\/revisions"}],"predecessor-version":[{"id":551,"href":"http:\/\/culturaliagz.com\/index.php?rest_route=\/wp\/v2\/tribe_events\/544\/revisions\/551"}],"wp:featuredmedia":[{"embeddable":true,"href":"http:\/\/culturaliagz.com\/index.php?rest_route=\/wp\/v2\/media\/545"}],"wp:attachment":[{"href":"http:\/\/culturaliagz.com\/index.php?rest_route=%2Fwp%2Fv2%2Fmedia&parent=544"}],"wp:term":[{"taxonomy":"post_tag","embeddable":true,"href":"http:\/\/culturaliagz.com\/index.php?rest_route=%2Fwp%2Fv2%2Ftags&post=544"},{"taxonomy":"tribe_events_cat","embeddable":true,"href":"http:\/\/culturaliagz.com\/index.php?rest_route=%2Fwp%2Fv2%2Ftribe_events_cat&post=544"}],"curies":[{"name":"wp","href":"https:\/\/api.w.org\/{rel}","templated":true}]}}

O rastro que deixamos. Gala homenaxe a Agustín Fernández Paz

<p>O vindeiro 17 de febreiro, a comarca de Ferrolterra renderá unha homenaxe póstuma ao escritor <em>Agustín Fernández Paz</em>. Baixo o título de <strong>O rastro que deixamos</strong>, título homónimo dun libro que escribiu o propio Agustín, e no que nos relata retallos fundamentais da súa vida.</p>
<p>Os actos comezarán pola mañá, dirixidos aos centros de ensino, e neses actos participarán artistas coma Guadi Galego, María Manuela, Mini e Mero, Xabier Díaz, o dúo Bellón-Maceiras, Miro Casabella ou A Banda da Loba. Acompañando á música tamén se proxectarán fragmentos dun documental sobre vivencias do propio Agustín na comarca.  Actos que se repetirán a partir das 20:30 h., destinados ao público xeral,</p>
<p>As entradas para asistir á citada e merecida homenaxe  son de balde, e poden recollerse até o 17 de febreiro no Teatro Jofre (de 11.00 h. a 13.00 h. e de 18.00 h. a 20.00 h.) e no Auditorio de Ferrol -na avenida do Mar, en Caranza- a partir das 18.00 h. do día da gala.</p>

<p>O vindeiro 17 de febreiro, a comarca de Ferrolterra renderá unha homenaxe póstuma ao escritor Agustín Fernández Paz. Baixo o título de O rastro que deixamos, título homónimo dun libro [&hellip;]</p>
