{"id":298,"date":"2017-02-06T23:38:47","date_gmt":"2017-02-06T23:38:47","guid":{"rendered":"http:\/\/culturaliagz.com\/?post_type=tribe_events&#038;p=298"},"modified":"2017-02-22T01:10:32","modified_gmt":"2017-02-22T01:10:32","slug":"rosaliate","status":"publish","type":"tribe_events","link":"http:\/\/culturaliagz.com\/?tribe_events=rosaliate","title":{"rendered":"RosaliaTe"},"content":{"rendered":"<p><span style=\"font-size: 10.0pt; font-family: 'Verdana',sans-serif;\">Baixo o lema #RosaliaTe, o vindeiro 24 de febreiro \u00e1s 20h na Casa da Cultura de Vilalba, a <strong><span style=\"font-family: 'Verdana',sans-serif;\">\u00c1rea de Cultura do Concello de Vilalba<\/span><\/strong> e mais o portal dixital <strong><span style=\"font-family: 'Verdana',sans-serif;\">Culturalia GZ<\/span><\/strong>, en colaboraci\u00f3n coa <strong>AELG<\/strong> e con <strong>CEDRO<\/strong>, van organizar unha lectura p\u00fablica e continuada de textos de Rosal\u00eda de Castro. E para iso convocan a distintos colectivos vilalbeses e \u00e1 cidadan\u00eda, en xeral, a participar en dito acto de lectura dos textos rosalianos.<\/span><\/p>\n","protected":false},"excerpt":{"rendered":"<p>Baixo o lema #RosaliaTe, o vindeiro 24 de febreiro \u00e1s 20h na Casa da Cultura de Vilalba, a \u00c1rea de Cultura do Concello de Vilalba e mais o portal dixital [&hellip;]<\/p>\n","protected":false},"author":1,"featured_media":299,"template":"","meta":{"_et_pb_use_builder":"","_et_pb_old_content":"","_et_gb_content_width":"","_tribe_events_status":"","_tribe_events_status_reason":"","footnotes":""},"tags":[28,31,30,29],"tribe_events_cat":[52],"class_list":["post-298","tribe_events","type-tribe_events","status-publish","has-post-thumbnail","hentry","tag-rosaliate","tag-aelg","tag-concello-de-vilalba","tag-culturalia-gz","tribe_events_cat-eventos","cat_eventos"],"jetpack_sharing_enabled":true,"_links":{"self":[{"href":"http:\/\/culturaliagz.com\/index.php?rest_route=\/wp\/v2\/tribe_events\/298","targetHints":{"allow":["GET"]}}],"collection":[{"href":"http:\/\/culturaliagz.com\/index.php?rest_route=\/wp\/v2\/tribe_events"}],"about":[{"href":"http:\/\/culturaliagz.com\/index.php?rest_route=\/wp\/v2\/types\/tribe_events"}],"author":[{"embeddable":true,"href":"http:\/\/culturaliagz.com\/index.php?rest_route=\/wp\/v2\/users\/1"}],"version-history":[{"count":1,"href":"http:\/\/culturaliagz.com\/index.php?rest_route=\/wp\/v2\/tribe_events\/298\/revisions"}],"predecessor-version":[{"id":300,"href":"http:\/\/culturaliagz.com\/index.php?rest_route=\/wp\/v2\/tribe_events\/298\/revisions\/300"}],"wp:featuredmedia":[{"embeddable":true,"href":"http:\/\/culturaliagz.com\/index.php?rest_route=\/wp\/v2\/media\/299"}],"wp:attachment":[{"href":"http:\/\/culturaliagz.com\/index.php?rest_route=%2Fwp%2Fv2%2Fmedia&parent=298"}],"wp:term":[{"taxonomy":"post_tag","embeddable":true,"href":"http:\/\/culturaliagz.com\/index.php?rest_route=%2Fwp%2Fv2%2Ftags&post=298"},{"taxonomy":"tribe_events_cat","embeddable":true,"href":"http:\/\/culturaliagz.com\/index.php?rest_route=%2Fwp%2Fv2%2Ftribe_events_cat&post=298"}],"curies":[{"name":"wp","href":"https:\/\/api.w.org\/{rel}","templated":true}]}}

<p><span style="font-size: 10.0pt; font-family: 'Verdana',sans-serif;">Baixo o lema #RosaliaTe, o vindeiro 24 de febreiro ás 20h na Casa da Cultura de Vilalba, a <strong><span style="font-family: 'Verdana',sans-serif;">Área de Cultura do Concello de Vilalba</span></strong> e mais o portal dixital <strong><span style="font-family: 'Verdana',sans-serif;">Culturalia GZ</span></strong>, en colaboración coa <strong>AELG</strong> e con <strong>CEDRO</strong>, van organizar unha lectura pública e continuada de textos de Rosalía de Castro. E para iso convocan a distintos colectivos vilalbeses e á cidadanía, en xeral, a participar en dito acto de lectura dos textos rosalianos.</span></p>

<p>Baixo o lema #RosaliaTe, o vindeiro 24 de febreiro ás 20h na Casa da Cultura de Vilalba, a Área de Cultura do Concello de Vilalba e mais o portal dixital [&hellip;]</p>
