{"id":1533,"date":"2017-05-27T16:04:50","date_gmt":"2017-05-27T15:04:50","guid":{"rendered":"http:\/\/culturaliagz.com\/?post_type=tribe_events&#038;p=1533"},"modified":"2017-05-27T16:04:50","modified_gmt":"2017-05-27T15:04:50","slug":"a-escritora-na-sua-terra-letra-e-a-maria-pilar-garcia-negro","status":"publish","type":"tribe_events","link":"http:\/\/culturaliagz.com\/?tribe_events=a-escritora-na-sua-terra-letra-e-a-maria-pilar-garcia-negro","title":{"rendered":"A ESCRITORA NA S\u00daA TERRA. LETRA E A MAR\u00cdA PILAR GARC\u00cdA NEGRO"},"content":{"rendered":"","protected":false},"excerpt":{"rendered":"","protected":false},"author":1,"featured_media":1526,"template":"","meta":{"_et_pb_use_builder":"","_et_pb_old_content":"","_et_gb_content_width":"","_tribe_events_status":"","_tribe_events_status_reason":"","footnotes":""},"tags":[209,31,210,211],"tribe_events_cat":[52],"class_list":["post-1533","tribe_events","type-tribe_events","status-publish","has-post-thumbnail","hentry","tag-a-escritora-na-sua-terra","tag-aelg","tag-letra-e","tag-maria-pilar-garcia-negro","tribe_events_cat-eventos","cat_eventos"],"jetpack_sharing_enabled":true,"_links":{"self":[{"href":"http:\/\/culturaliagz.com\/index.php?rest_route=\/wp\/v2\/tribe_events\/1533","targetHints":{"allow":["GET"]}}],"collection":[{"href":"http:\/\/culturaliagz.com\/index.php?rest_route=\/wp\/v2\/tribe_events"}],"about":[{"href":"http:\/\/culturaliagz.com\/index.php?rest_route=\/wp\/v2\/types\/tribe_events"}],"author":[{"embeddable":true,"href":"http:\/\/culturaliagz.com\/index.php?rest_route=\/wp\/v2\/users\/1"}],"version-history":[{"count":1,"href":"http:\/\/culturaliagz.com\/index.php?rest_route=\/wp\/v2\/tribe_events\/1533\/revisions"}],"predecessor-version":[{"id":1534,"href":"http:\/\/culturaliagz.com\/index.php?rest_route=\/wp\/v2\/tribe_events\/1533\/revisions\/1534"}],"wp:featuredmedia":[{"embeddable":true,"href":"http:\/\/culturaliagz.com\/index.php?rest_route=\/wp\/v2\/media\/1526"}],"wp:attachment":[{"href":"http:\/\/culturaliagz.com\/index.php?rest_route=%2Fwp%2Fv2%2Fmedia&parent=1533"}],"wp:term":[{"taxonomy":"post_tag","embeddable":true,"href":"http:\/\/culturaliagz.com\/index.php?rest_route=%2Fwp%2Fv2%2Ftags&post=1533"},{"taxonomy":"tribe_events_cat","embeddable":true,"href":"http:\/\/culturaliagz.com\/index.php?rest_route=%2Fwp%2Fv2%2Ftribe_events_cat&post=1533"}],"curies":[{"name":"wp","href":"https:\/\/api.w.org\/{rel}","templated":true}]}}

A ESCRITORA NA SÚA TERRA. LETRA E A MARÍA PILAR GARCÍA NEGRO
